{"id":770,"date":"2019-07-03T14:32:57","date_gmt":"2019-07-03T12:32:57","guid":{"rendered":"http:\/\/www.eklekto.ch\/newsite2019\/project\/\/"},"modified":"2026-01-21T12:06:44","modified_gmt":"2026-01-21T11:06:44","slug":"","status":"publish","type":"project","link":"https:\/\/eklekto.ch\/en\/project\/eklekto-ryoji-ikeda\/","title":{"rendered":"","raw":""},"content":{"rendered":"","protected":false,"raw":""},"parent":0,"template":"","class_list":["post-770","project","type-project","status-publish","hentry"],"yoast_head":"<!-- This site is optimized with the Yoast SEO plugin v23.4 - https:\/\/yoast.com\/wordpress\/plugins\/seo\/ -->\n<title>Eklekto &amp; Ryoji Ikeda (2016-2021) | Eklekto<\/title>\n<meta name=\"robots\" content=\"index, follow, max-snippet:-1, max-image-preview:large, max-video-preview:-1\" \/>\n<link rel=\"canonical\" href=\"https:\/\/eklekto.ch\/project\/eklekto-ryoji-ikeda\/\" \/>\n<meta property=\"og:locale\" content=\"en_US\" \/>\n<meta property=\"og:type\" content=\"article\" \/>\n<meta property=\"og:title\" content=\"Eklekto &amp; Ryoji Ikeda (2016-2021) | Eklekto\" \/>\n<meta property=\"og:description\" content=\"Music for percussion L\u2019artiste et musicien japonais Ryoji Ikeda est c\u00e9l\u00e8bre pour son utilisation du num\u00e9rique et des sons \u00e9lectroniques qui transcendent les capacit\u00e9s d\u2019\u00e9coutes de l\u2019oreille humaine, ainsi que pour ses installations vid\u00e9o grand format qui jouent avec notre perception de l\u2019\u00e9chelle. Dans Music for percussion, Ikeda a compos\u00e9 sp\u00e9cialement pour Eklekto un concert [&hellip;]\" \/>\n<meta property=\"og:url\" content=\"https:\/\/eklekto.ch\/project\/eklekto-ryoji-ikeda\/\" \/>\n<meta property=\"og:site_name\" content=\"Eklekto\" \/>\n<meta property=\"article:publisher\" content=\"https:\/\/www.facebook.com\/eklektopercussion\" \/>\n<meta property=\"article:modified_time\" content=\"2026-01-21T11:06:44+00:00\" \/>\n<meta name=\"twitter:card\" content=\"summary_large_image\" \/>\n<meta name=\"twitter:label1\" content=\"Est. reading time\" \/>\n\t<meta name=\"twitter:data1\" content=\"1 minute\" \/>\n<script type=\"application\/ld+json\" class=\"yoast-schema-graph\">{\"@context\":\"https:\/\/schema.org\",\"@graph\":[{\"@type\":\"WebPage\",\"@id\":\"https:\/\/eklekto.ch\/project\/eklekto-ryoji-ikeda\/\",\"url\":\"https:\/\/eklekto.ch\/project\/eklekto-ryoji-ikeda\/\",\"name\":\"Eklekto & Ryoji Ikeda (2016-2021) | Eklekto\",\"isPartOf\":{\"@id\":\"https:\/\/eklekto.ch\/#website\"},\"datePublished\":\"2019-07-03T12:32:57+00:00\",\"dateModified\":\"2026-01-21T11:06:44+00:00\",\"breadcrumb\":{\"@id\":\"https:\/\/eklekto.ch\/project\/eklekto-ryoji-ikeda\/#breadcrumb\"},\"inLanguage\":\"en-US\",\"potentialAction\":[{\"@type\":\"ReadAction\",\"target\":[\"https:\/\/eklekto.ch\/project\/eklekto-ryoji-ikeda\/\"]}]},{\"@type\":\"BreadcrumbList\",\"@id\":\"https:\/\/eklekto.ch\/project\/eklekto-ryoji-ikeda\/#breadcrumb\",\"itemListElement\":[{\"@type\":\"ListItem\",\"position\":1,\"name\":\"Accueil\",\"item\":\"https:\/\/eklekto.ch\/\"},{\"@type\":\"ListItem\",\"position\":2,\"name\":\"Projet Description\",\"item\":\"https:\/\/eklekto.ch\/project\/\"},{\"@type\":\"ListItem\",\"position\":3,\"name\":\"Eklekto &#038; Ryoji Ikeda (2016-2021)\"}]},{\"@type\":\"WebSite\",\"@id\":\"https:\/\/eklekto.ch\/#website\",\"url\":\"https:\/\/eklekto.ch\/\",\"name\":\"Eklekto\",\"description\":\"Eklekto Geneva Percussion Center\",\"publisher\":{\"@id\":\"https:\/\/eklekto.ch\/#organization\"},\"alternateName\":\"Eklekto\",\"potentialAction\":[{\"@type\":\"SearchAction\",\"target\":{\"@type\":\"EntryPoint\",\"urlTemplate\":\"https:\/\/eklekto.ch\/?s={search_term_string}\"},\"query-input\":{\"@type\":\"PropertyValueSpecification\",\"valueRequired\":true,\"valueName\":\"search_term_string\"}}],\"inLanguage\":\"en-US\"},{\"@type\":\"Organization\",\"@id\":\"https:\/\/eklekto.ch\/#organization\",\"name\":\"Eklekto Geneva Percussion Center\",\"url\":\"https:\/\/eklekto.ch\/\",\"logo\":{\"@type\":\"ImageObject\",\"inLanguage\":\"en-US\",\"@id\":\"https:\/\/eklekto.ch\/#\/schema\/logo\/image\/\",\"url\":\"https:\/\/eklekto.ch\/wp-content\/uploads\/Eklekto_Logo-noir-sur-fond-blanc.jpg\",\"contentUrl\":\"https:\/\/eklekto.ch\/wp-content\/uploads\/Eklekto_Logo-noir-sur-fond-blanc.jpg\",\"width\":640,\"height\":317,\"caption\":\"Eklekto Geneva Percussion Center\"},\"image\":{\"@id\":\"https:\/\/eklekto.ch\/#\/schema\/logo\/image\/\"},\"sameAs\":[\"https:\/\/www.facebook.com\/eklektopercussion\",\"https:\/\/www.instagram.com\/eklekto_percussion\/\",\"https:\/\/www.youtube.com\/channel\/UCmkO9Je1ENSGNKNNsHcjP0g\",\"https:\/\/www.linkedin.com\/in\/eklekto-geneva-percussion-center-aa2b306b\/?originalSubdomain=ch\"]}]}<\/script>\n<!-- \/ Yoast SEO plugin. -->","yoast_head_json":{"title":"Eklekto & Ryoji Ikeda (2016-2021) | Eklekto","robots":{"index":"index","follow":"follow","max-snippet":"max-snippet:-1","max-image-preview":"max-image-preview:large","max-video-preview":"max-video-preview:-1"},"canonical":"https:\/\/eklekto.ch\/project\/eklekto-ryoji-ikeda\/","og_locale":"en_US","og_type":"article","og_title":"Eklekto & Ryoji Ikeda (2016-2021) | Eklekto","og_description":"Music for percussion L\u2019artiste et musicien japonais Ryoji Ikeda est c\u00e9l\u00e8bre pour son utilisation du num\u00e9rique et des sons \u00e9lectroniques qui transcendent les capacit\u00e9s d\u2019\u00e9coutes de l\u2019oreille humaine, ainsi que pour ses installations vid\u00e9o grand format qui jouent avec notre perception de l\u2019\u00e9chelle. Dans Music for percussion, Ikeda a compos\u00e9 sp\u00e9cialement pour Eklekto un concert [&hellip;]","og_url":"https:\/\/eklekto.ch\/project\/eklekto-ryoji-ikeda\/","og_site_name":"Eklekto","article_publisher":"https:\/\/www.facebook.com\/eklektopercussion","article_modified_time":"2026-01-21T11:06:44+00:00","twitter_card":"summary_large_image","twitter_misc":{"Est. reading time":"1 minute"},"schema":{"@context":"https:\/\/schema.org","@graph":[{"@type":"WebPage","@id":"https:\/\/eklekto.ch\/project\/eklekto-ryoji-ikeda\/","url":"https:\/\/eklekto.ch\/project\/eklekto-ryoji-ikeda\/","name":"Eklekto & Ryoji Ikeda (2016-2021) | Eklekto","isPartOf":{"@id":"https:\/\/eklekto.ch\/#website"},"datePublished":"2019-07-03T12:32:57+00:00","dateModified":"2026-01-21T11:06:44+00:00","breadcrumb":{"@id":"https:\/\/eklekto.ch\/project\/eklekto-ryoji-ikeda\/#breadcrumb"},"inLanguage":"en-US","potentialAction":[{"@type":"ReadAction","target":["https:\/\/eklekto.ch\/project\/eklekto-ryoji-ikeda\/"]}]},{"@type":"BreadcrumbList","@id":"https:\/\/eklekto.ch\/project\/eklekto-ryoji-ikeda\/#breadcrumb","itemListElement":[{"@type":"ListItem","position":1,"name":"Accueil","item":"https:\/\/eklekto.ch\/"},{"@type":"ListItem","position":2,"name":"Projet Description","item":"https:\/\/eklekto.ch\/project\/"},{"@type":"ListItem","position":3,"name":"Eklekto &#038; Ryoji Ikeda (2016-2021)"}]},{"@type":"WebSite","@id":"https:\/\/eklekto.ch\/#website","url":"https:\/\/eklekto.ch\/","name":"Eklekto","description":"Eklekto Geneva Percussion Center","publisher":{"@id":"https:\/\/eklekto.ch\/#organization"},"alternateName":"Eklekto","potentialAction":[{"@type":"SearchAction","target":{"@type":"EntryPoint","urlTemplate":"https:\/\/eklekto.ch\/?s={search_term_string}"},"query-input":{"@type":"PropertyValueSpecification","valueRequired":true,"valueName":"search_term_string"}}],"inLanguage":"en-US"},{"@type":"Organization","@id":"https:\/\/eklekto.ch\/#organization","name":"Eklekto Geneva Percussion Center","url":"https:\/\/eklekto.ch\/","logo":{"@type":"ImageObject","inLanguage":"en-US","@id":"https:\/\/eklekto.ch\/#\/schema\/logo\/image\/","url":"https:\/\/eklekto.ch\/wp-content\/uploads\/Eklekto_Logo-noir-sur-fond-blanc.jpg","contentUrl":"https:\/\/eklekto.ch\/wp-content\/uploads\/Eklekto_Logo-noir-sur-fond-blanc.jpg","width":640,"height":317,"caption":"Eklekto Geneva Percussion Center"},"image":{"@id":"https:\/\/eklekto.ch\/#\/schema\/logo\/image\/"},"sameAs":["https:\/\/www.facebook.com\/eklektopercussion","https:\/\/www.instagram.com\/eklekto_percussion\/","https:\/\/www.youtube.com\/channel\/UCmkO9Je1ENSGNKNNsHcjP0g","https:\/\/www.linkedin.com\/in\/eklekto-geneva-percussion-center-aa2b306b\/?originalSubdomain=ch"]}]}},"meta":{"_fr_post_content":"<strong>Music for percussion<\/strong>\r\n\r\nL\u2019artiste et musicien japonais Ryoji Ikeda est c\u00e9l\u00e8bre pour son utilisation du num\u00e9rique et des sons \u00e9lectroniques qui transcendent les capacit\u00e9s d\u2019\u00e9coutes de l\u2019oreille humaine, ainsi que pour ses installations vid\u00e9o grand format qui jouent avec notre perception de l\u2019\u00e9chelle.\r\n\r\nDans<em> Music for percussion<\/em>, Ikeda a compos\u00e9 sp\u00e9cialement pour Eklekto un concert de sonorit\u00e9s acoustiques pures. L\u2019\u0153uvre, divis\u00e9e en quatre s\u00e9quences structurellement contrast\u00e9es, utilise des instruments tels que triangles, cymbales ou handclaps. Tout en isolant la puret\u00e9 du son, <em>Music for percussion<\/em> offre une exp\u00e9rience similaire au minimalisme que l\u2019on trouve dans le reste des travaux d\u2019Ikeda. Le r\u00e9sultat marque une nouvelle \u00e9tape dans ses infatigables explorations autour de la musique et de la perception du son.\r\n\r\nCe concert a \u00e9t\u00e9 cr\u00e9\u00e9 en premi\u00e8re mondiale \u00e0 la B\u00e2tie, festival de Gen\u00e8ve, et a \u00e9t\u00e9 pr\u00e9sent\u00e9 dans des festivals et lieux tels que Kyoto experiment, Romaeuropa, Muziekgebouw ant\u2019ill, Barbican Centre. <em>Music for percussion<\/em> a \u00e9t\u00e9 \u00e9dit\u00e9 en \u00e9dition vinyl limit\u00e9e sur Vinyl Factory, et en CD sur Codex editions.","_fr_post_excerpt":"","_fr_post_title":"Eklekto & Ryoji Ikeda (2016-2021)","_fr_post_name":"eklekto-ryoji-ikeda","edit_language":"en"},"excerpt":{"raw":"","rendered":""},"_links":{"self":[{"href":"https:\/\/eklekto.ch\/en\/wp-json\/wp\/v2\/project\/770"}],"collection":[{"href":"https:\/\/eklekto.ch\/en\/wp-json\/wp\/v2\/project"}],"about":[{"href":"https:\/\/eklekto.ch\/en\/wp-json\/wp\/v2\/types\/project"}],"wp:attachment":[{"href":"https:\/\/eklekto.ch\/en\/wp-json\/wp\/v2\/media?parent=770"}],"curies":[{"name":"wp","href":"https:\/\/api.w.org\/{rel}","templated":true}]}}

<!-- This site is optimized with the Yoast SEO plugin v23.4 - https://yoast.com/wordpress/plugins/seo/ -->
<title>Eklekto &amp; Ryoji Ikeda (2016-2021) | Eklekto</title>
<meta name="robots" content="index, follow, max-snippet:-1, max-image-preview:large, max-video-preview:-1" />
<link rel="canonical" href="https://eklekto.ch/project/eklekto-ryoji-ikeda/" />
<meta property="og:locale" content="en_US" />
<meta property="og:type" content="article" />
<meta property="og:title" content="Eklekto &amp; Ryoji Ikeda (2016-2021) | Eklekto" />
<meta property="og:description" content="Music for percussion L’artiste et musicien japonais Ryoji Ikeda est célèbre pour son utilisation du numérique et des sons électroniques qui transcendent les capacités d’écoutes de l’oreille humaine, ainsi que pour ses installations vidéo grand format qui jouent avec notre perception de l’échelle. Dans Music for percussion, Ikeda a composé spécialement pour Eklekto un concert [&hellip;]" />
<meta property="og:url" content="https://eklekto.ch/project/eklekto-ryoji-ikeda/" />
<meta property="og:site_name" content="Eklekto" />
<meta property="article:publisher" content="https://www.facebook.com/eklektopercussion" />
<meta property="article:modified_time" content="2026-01-21T11:06:44+00:00" />
<meta name="twitter:card" content="summary_large_image" />
<meta name="twitter:label1" content="Est. reading time" />
	<meta name="twitter:data1" content="1 minute" />
<script type="application/ld+json" class="yoast-schema-graph">{"@context":"https://schema.org","@graph":[{"@type":"WebPage","@id":"https://eklekto.ch/project/eklekto-ryoji-ikeda/","url":"https://eklekto.ch/project/eklekto-ryoji-ikeda/","name":"Eklekto & Ryoji Ikeda (2016-2021) | Eklekto","isPartOf":{"@id":"https://eklekto.ch/#website"},"datePublished":"2019-07-03T12:32:57+00:00","dateModified":"2026-01-21T11:06:44+00:00","breadcrumb":{"@id":"https://eklekto.ch/project/eklekto-ryoji-ikeda/#breadcrumb"},"inLanguage":"en-US","potentialAction":[{"@type":"ReadAction","target":["https://eklekto.ch/project/eklekto-ryoji-ikeda/"]}]},{"@type":"BreadcrumbList","@id":"https://eklekto.ch/project/eklekto-ryoji-ikeda/#breadcrumb","itemListElement":[{"@type":"ListItem","position":1,"name":"Accueil","item":"https://eklekto.ch/"},{"@type":"ListItem","position":2,"name":"Projet Description","item":"https://eklekto.ch/project/"},{"@type":"ListItem","position":3,"name":"Eklekto &#038; Ryoji Ikeda (2016-2021)"}]},{"@type":"WebSite","@id":"https://eklekto.ch/#website","url":"https://eklekto.ch/","name":"Eklekto","description":"Eklekto Geneva Percussion Center","publisher":{"@id":"https://eklekto.ch/#organization"},"alternateName":"Eklekto","potentialAction":[{"@type":"SearchAction","target":{"@type":"EntryPoint","urlTemplate":"https://eklekto.ch/?s={search_term_string}"},"query-input":{"@type":"PropertyValueSpecification","valueRequired":true,"valueName":"search_term_string"}}],"inLanguage":"en-US"},{"@type":"Organization","@id":"https://eklekto.ch/#organization","name":"Eklekto Geneva Percussion Center","url":"https://eklekto.ch/","logo":{"@type":"ImageObject","inLanguage":"en-US","@id":"https://eklekto.ch/#/schema/logo/image/","url":"https://eklekto.ch/wp-content/uploads/Eklekto_Logo-noir-sur-fond-blanc.jpg","contentUrl":"https://eklekto.ch/wp-content/uploads/Eklekto_Logo-noir-sur-fond-blanc.jpg","width":640,"height":317,"caption":"Eklekto Geneva Percussion Center"},"image":{"@id":"https://eklekto.ch/#/schema/logo/image/"},"sameAs":["https://www.facebook.com/eklektopercussion","https://www.instagram.com/eklekto_percussion/","https://www.youtube.com/channel/UCmkO9Je1ENSGNKNNsHcjP0g","https://www.linkedin.com/in/eklekto-geneva-percussion-center-aa2b306b/?originalSubdomain=ch"]}]}</script>
<!-- / Yoast SEO plugin. -->

Music for percussion L’artiste et musicien japonais Ryoji Ikeda est célèbre pour son utilisation du numérique et des sons électroniques qui transcendent les capacités d’écoutes de l’oreille humaine, ainsi que pour ses installations vidéo grand format qui jouent avec notre perception de l’échelle. Dans Music for percussion, Ikeda a composé spécialement pour Eklekto un concert [&hellip;]

<strong>Music for percussion</strong>

L’artiste et musicien japonais Ryoji Ikeda est célèbre pour son utilisation du numérique et des sons électroniques qui transcendent les capacités d’écoutes de l’oreille humaine, ainsi que pour ses installations vidéo grand format qui jouent avec notre perception de l’échelle.

Dans<em> Music for percussion</em>, Ikeda a composé spécialement pour Eklekto un concert de sonorités acoustiques pures. L’œuvre, divisée en quatre séquences structurellement contrastées, utilise des instruments tels que triangles, cymbales ou handclaps. Tout en isolant la pureté du son, <em>Music for percussion</em> offre une expérience similaire au minimalisme que l’on trouve dans le reste des travaux d’Ikeda. Le résultat marque une nouvelle étape dans ses infatigables explorations autour de la musique et de la perception du son.

Ce concert a été créé en première mondiale à la Bâtie, festival de Genève, et a été présenté dans des festivals et lieux tels que Kyoto experiment, Romaeuropa, Muziekgebouw ant’ill, Barbican Centre. <em>Music for percussion</em> a été édité en édition vinyl limitée sur Vinyl Factory, et en CD sur Codex editions.
