{"id":3793,"date":"2024-07-05T11:00:57","date_gmt":"2024-07-05T09:00:57","guid":{"rendered":"https:\/\/eklekto.ch\/?post_type=project&#038;p=3793"},"modified":"2026-01-21T12:06:43","modified_gmt":"2026-01-21T11:06:43","slug":"","status":"publish","type":"project","link":"https:\/\/eklekto.ch\/en\/project\/label-suisse-2024\/","title":{"rendered":"","raw":""},"content":{"rendered":"","protected":false,"raw":""},"parent":0,"template":"","class_list":["post-3793","project","type-project","status-publish","hentry"],"yoast_head":"<!-- This site is optimized with the Yoast SEO plugin v23.4 - https:\/\/yoast.com\/wordpress\/plugins\/seo\/ -->\n<title>Label Suisse (2024) | Eklekto<\/title>\n<meta name=\"robots\" content=\"index, follow, max-snippet:-1, max-image-preview:large, max-video-preview:-1\" \/>\n<link rel=\"canonical\" href=\"https:\/\/eklekto.ch\/project\/label-suisse-2024\/\" \/>\n<meta property=\"og:locale\" content=\"en_US\" \/>\n<meta property=\"og:type\" content=\"article\" \/>\n<meta property=\"og:title\" content=\"Label Suisse (2024) | Eklekto\" \/>\n<meta property=\"og:description\" content=\"L\u2019ensemble Eklekto, cinquantenaire en cette ann\u00e9e 2024, a choisi de c\u00e9l\u00e9brer la musique vivante suisse en ouverture de saison, \u00e0 travers une collaboration in\u00e9dite associant le musicien zurichois et des percussionnistes du collectif genevois. Avant-gardiste, audacieuse et internationale, l\u2019association bien connue dans l\u2019univers de la percussion contemporaine vous emm\u00e8nera dans une exp\u00e9rience musicale originale, en [&hellip;]\" \/>\n<meta property=\"og:url\" content=\"https:\/\/eklekto.ch\/project\/label-suisse-2024\/\" \/>\n<meta property=\"og:site_name\" content=\"Eklekto\" \/>\n<meta property=\"article:publisher\" content=\"https:\/\/www.facebook.com\/eklektopercussion\" \/>\n<meta property=\"article:modified_time\" content=\"2026-01-21T11:06:43+00:00\" \/>\n<meta name=\"twitter:card\" content=\"summary_large_image\" \/>\n<meta name=\"twitter:label1\" content=\"Est. reading time\" \/>\n\t<meta name=\"twitter:data1\" content=\"1 minute\" \/>\n<script type=\"application\/ld+json\" class=\"yoast-schema-graph\">{\"@context\":\"https:\/\/schema.org\",\"@graph\":[{\"@type\":\"WebPage\",\"@id\":\"https:\/\/eklekto.ch\/project\/label-suisse-2024\/\",\"url\":\"https:\/\/eklekto.ch\/project\/label-suisse-2024\/\",\"name\":\"Label Suisse (2024) | Eklekto\",\"isPartOf\":{\"@id\":\"https:\/\/eklekto.ch\/#website\"},\"datePublished\":\"2024-07-05T09:00:57+00:00\",\"dateModified\":\"2026-01-21T11:06:43+00:00\",\"breadcrumb\":{\"@id\":\"https:\/\/eklekto.ch\/project\/label-suisse-2024\/#breadcrumb\"},\"inLanguage\":\"en-US\",\"potentialAction\":[{\"@type\":\"ReadAction\",\"target\":[\"https:\/\/eklekto.ch\/project\/label-suisse-2024\/\"]}]},{\"@type\":\"BreadcrumbList\",\"@id\":\"https:\/\/eklekto.ch\/project\/label-suisse-2024\/#breadcrumb\",\"itemListElement\":[{\"@type\":\"ListItem\",\"position\":1,\"name\":\"Accueil\",\"item\":\"https:\/\/eklekto.ch\/\"},{\"@type\":\"ListItem\",\"position\":2,\"name\":\"Projet Description\",\"item\":\"https:\/\/eklekto.ch\/project\/\"},{\"@type\":\"ListItem\",\"position\":3,\"name\":\"Label Suisse (2024)\"}]},{\"@type\":\"WebSite\",\"@id\":\"https:\/\/eklekto.ch\/#website\",\"url\":\"https:\/\/eklekto.ch\/\",\"name\":\"Eklekto\",\"description\":\"Eklekto Geneva Percussion Center\",\"publisher\":{\"@id\":\"https:\/\/eklekto.ch\/#organization\"},\"alternateName\":\"Eklekto\",\"potentialAction\":[{\"@type\":\"SearchAction\",\"target\":{\"@type\":\"EntryPoint\",\"urlTemplate\":\"https:\/\/eklekto.ch\/?s={search_term_string}\"},\"query-input\":{\"@type\":\"PropertyValueSpecification\",\"valueRequired\":true,\"valueName\":\"search_term_string\"}}],\"inLanguage\":\"en-US\"},{\"@type\":\"Organization\",\"@id\":\"https:\/\/eklekto.ch\/#organization\",\"name\":\"Eklekto Geneva Percussion Center\",\"url\":\"https:\/\/eklekto.ch\/\",\"logo\":{\"@type\":\"ImageObject\",\"inLanguage\":\"en-US\",\"@id\":\"https:\/\/eklekto.ch\/#\/schema\/logo\/image\/\",\"url\":\"https:\/\/eklekto.ch\/wp-content\/uploads\/Eklekto_Logo-noir-sur-fond-blanc.jpg\",\"contentUrl\":\"https:\/\/eklekto.ch\/wp-content\/uploads\/Eklekto_Logo-noir-sur-fond-blanc.jpg\",\"width\":640,\"height\":317,\"caption\":\"Eklekto Geneva Percussion Center\"},\"image\":{\"@id\":\"https:\/\/eklekto.ch\/#\/schema\/logo\/image\/\"},\"sameAs\":[\"https:\/\/www.facebook.com\/eklektopercussion\",\"https:\/\/www.instagram.com\/eklekto_percussion\/\",\"https:\/\/www.youtube.com\/channel\/UCmkO9Je1ENSGNKNNsHcjP0g\",\"https:\/\/www.linkedin.com\/in\/eklekto-geneva-percussion-center-aa2b306b\/?originalSubdomain=ch\"]}]}<\/script>\n<!-- \/ Yoast SEO plugin. -->","yoast_head_json":{"title":"Label Suisse (2024) | Eklekto","robots":{"index":"index","follow":"follow","max-snippet":"max-snippet:-1","max-image-preview":"max-image-preview:large","max-video-preview":"max-video-preview:-1"},"canonical":"https:\/\/eklekto.ch\/project\/label-suisse-2024\/","og_locale":"en_US","og_type":"article","og_title":"Label Suisse (2024) | Eklekto","og_description":"L\u2019ensemble Eklekto, cinquantenaire en cette ann\u00e9e 2024, a choisi de c\u00e9l\u00e9brer la musique vivante suisse en ouverture de saison, \u00e0 travers une collaboration in\u00e9dite associant le musicien zurichois et des percussionnistes du collectif genevois. Avant-gardiste, audacieuse et internationale, l\u2019association bien connue dans l\u2019univers de la percussion contemporaine vous emm\u00e8nera dans une exp\u00e9rience musicale originale, en [&hellip;]","og_url":"https:\/\/eklekto.ch\/project\/label-suisse-2024\/","og_site_name":"Eklekto","article_publisher":"https:\/\/www.facebook.com\/eklektopercussion","article_modified_time":"2026-01-21T11:06:43+00:00","twitter_card":"summary_large_image","twitter_misc":{"Est. reading time":"1 minute"},"schema":{"@context":"https:\/\/schema.org","@graph":[{"@type":"WebPage","@id":"https:\/\/eklekto.ch\/project\/label-suisse-2024\/","url":"https:\/\/eklekto.ch\/project\/label-suisse-2024\/","name":"Label Suisse (2024) | Eklekto","isPartOf":{"@id":"https:\/\/eklekto.ch\/#website"},"datePublished":"2024-07-05T09:00:57+00:00","dateModified":"2026-01-21T11:06:43+00:00","breadcrumb":{"@id":"https:\/\/eklekto.ch\/project\/label-suisse-2024\/#breadcrumb"},"inLanguage":"en-US","potentialAction":[{"@type":"ReadAction","target":["https:\/\/eklekto.ch\/project\/label-suisse-2024\/"]}]},{"@type":"BreadcrumbList","@id":"https:\/\/eklekto.ch\/project\/label-suisse-2024\/#breadcrumb","itemListElement":[{"@type":"ListItem","position":1,"name":"Accueil","item":"https:\/\/eklekto.ch\/"},{"@type":"ListItem","position":2,"name":"Projet Description","item":"https:\/\/eklekto.ch\/project\/"},{"@type":"ListItem","position":3,"name":"Label Suisse (2024)"}]},{"@type":"WebSite","@id":"https:\/\/eklekto.ch\/#website","url":"https:\/\/eklekto.ch\/","name":"Eklekto","description":"Eklekto Geneva Percussion Center","publisher":{"@id":"https:\/\/eklekto.ch\/#organization"},"alternateName":"Eklekto","potentialAction":[{"@type":"SearchAction","target":{"@type":"EntryPoint","urlTemplate":"https:\/\/eklekto.ch\/?s={search_term_string}"},"query-input":{"@type":"PropertyValueSpecification","valueRequired":true,"valueName":"search_term_string"}}],"inLanguage":"en-US"},{"@type":"Organization","@id":"https:\/\/eklekto.ch\/#organization","name":"Eklekto Geneva Percussion Center","url":"https:\/\/eklekto.ch\/","logo":{"@type":"ImageObject","inLanguage":"en-US","@id":"https:\/\/eklekto.ch\/#\/schema\/logo\/image\/","url":"https:\/\/eklekto.ch\/wp-content\/uploads\/Eklekto_Logo-noir-sur-fond-blanc.jpg","contentUrl":"https:\/\/eklekto.ch\/wp-content\/uploads\/Eklekto_Logo-noir-sur-fond-blanc.jpg","width":640,"height":317,"caption":"Eklekto Geneva Percussion Center"},"image":{"@id":"https:\/\/eklekto.ch\/#\/schema\/logo\/image\/"},"sameAs":["https:\/\/www.facebook.com\/eklektopercussion","https:\/\/www.instagram.com\/eklekto_percussion\/","https:\/\/www.youtube.com\/channel\/UCmkO9Je1ENSGNKNNsHcjP0g","https:\/\/www.linkedin.com\/in\/eklekto-geneva-percussion-center-aa2b306b\/?originalSubdomain=ch"]}]}},"meta":{"_fr_post_content":"<p class=\"p1\">L\u2019ensemble Eklekto, cinquantenaire en cette ann\u00e9e 2024, a choisi de c\u00e9l\u00e9brer la musique vivante suisse en ouverture de saison, \u00e0 travers une collaboration in\u00e9dite associant le musicien zurichois et des percussionnistes du collectif genevois. Avant-gardiste, audacieuse et internationale, l\u2019association bien connue dans l\u2019univers de la percussion contemporaine vous emm\u00e8nera dans une exp\u00e9rience musicale originale, en d\u00e9butant sa saison par un premier concert, le samedi 14 septembre 2024 au <span class=\"s1\">Festival Label Suisse <\/span>de Lausanne.<\/p>\r\n<p class=\"p1\">Cette nouvelle oeuvre in\u00e9dite s\u2019articulera avec un travail autour de nouveaux \u00ab modules \u00bb compos\u00e9s par Nik B\u00e4rtsch. Chaque musicien\u00b7ne \u00e9voluera ensuite avec ces \u00e9l\u00e9ments communs pour fa\u00e7onner des moments d\u2019improvisations collectives. La singularit\u00e9 des interpr\u00e8tes, ayant chacun un univers individuel propre, contribuera \u00e0 emmener le public dans une ambiance hypnotique d\u2019un complexe raffinement ; immergeant dans une atmosph\u00e8re unique, post-minimale, \u00e0 la crois\u00e9e du jazz et de la musique contemporaine.<\/p>\r\n<a href=\"https:\/\/labelsuisse.ch\/event\/nik-bartsch-eklekto\/\" target=\"_blank\" rel=\"noopener\">Plus d'infos<\/a>","_fr_post_excerpt":"","_fr_post_title":"Label Suisse (2024)","_fr_post_name":"label-suisse-2024","edit_language":"en"},"excerpt":{"raw":"","rendered":""},"_links":{"self":[{"href":"https:\/\/eklekto.ch\/en\/wp-json\/wp\/v2\/project\/3793"}],"collection":[{"href":"https:\/\/eklekto.ch\/en\/wp-json\/wp\/v2\/project"}],"about":[{"href":"https:\/\/eklekto.ch\/en\/wp-json\/wp\/v2\/types\/project"}],"wp:attachment":[{"href":"https:\/\/eklekto.ch\/en\/wp-json\/wp\/v2\/media?parent=3793"}],"curies":[{"name":"wp","href":"https:\/\/api.w.org\/{rel}","templated":true}]}}

<!-- This site is optimized with the Yoast SEO plugin v23.4 - https://yoast.com/wordpress/plugins/seo/ -->
<title>Label Suisse (2024) | Eklekto</title>
<meta name="robots" content="index, follow, max-snippet:-1, max-image-preview:large, max-video-preview:-1" />
<link rel="canonical" href="https://eklekto.ch/project/label-suisse-2024/" />
<meta property="og:locale" content="en_US" />
<meta property="og:type" content="article" />
<meta property="og:title" content="Label Suisse (2024) | Eklekto" />
<meta property="og:description" content="L’ensemble Eklekto, cinquantenaire en cette année 2024, a choisi de célébrer la musique vivante suisse en ouverture de saison, à travers une collaboration inédite associant le musicien zurichois et des percussionnistes du collectif genevois. Avant-gardiste, audacieuse et internationale, l’association bien connue dans l’univers de la percussion contemporaine vous emmènera dans une expérience musicale originale, en [&hellip;]" />
<meta property="og:url" content="https://eklekto.ch/project/label-suisse-2024/" />
<meta property="og:site_name" content="Eklekto" />
<meta property="article:publisher" content="https://www.facebook.com/eklektopercussion" />
<meta property="article:modified_time" content="2026-01-21T11:06:43+00:00" />
<meta name="twitter:card" content="summary_large_image" />
<meta name="twitter:label1" content="Est. reading time" />
	<meta name="twitter:data1" content="1 minute" />
<script type="application/ld+json" class="yoast-schema-graph">{"@context":"https://schema.org","@graph":[{"@type":"WebPage","@id":"https://eklekto.ch/project/label-suisse-2024/","url":"https://eklekto.ch/project/label-suisse-2024/","name":"Label Suisse (2024) | Eklekto","isPartOf":{"@id":"https://eklekto.ch/#website"},"datePublished":"2024-07-05T09:00:57+00:00","dateModified":"2026-01-21T11:06:43+00:00","breadcrumb":{"@id":"https://eklekto.ch/project/label-suisse-2024/#breadcrumb"},"inLanguage":"en-US","potentialAction":[{"@type":"ReadAction","target":["https://eklekto.ch/project/label-suisse-2024/"]}]},{"@type":"BreadcrumbList","@id":"https://eklekto.ch/project/label-suisse-2024/#breadcrumb","itemListElement":[{"@type":"ListItem","position":1,"name":"Accueil","item":"https://eklekto.ch/"},{"@type":"ListItem","position":2,"name":"Projet Description","item":"https://eklekto.ch/project/"},{"@type":"ListItem","position":3,"name":"Label Suisse (2024)"}]},{"@type":"WebSite","@id":"https://eklekto.ch/#website","url":"https://eklekto.ch/","name":"Eklekto","description":"Eklekto Geneva Percussion Center","publisher":{"@id":"https://eklekto.ch/#organization"},"alternateName":"Eklekto","potentialAction":[{"@type":"SearchAction","target":{"@type":"EntryPoint","urlTemplate":"https://eklekto.ch/?s={search_term_string}"},"query-input":{"@type":"PropertyValueSpecification","valueRequired":true,"valueName":"search_term_string"}}],"inLanguage":"en-US"},{"@type":"Organization","@id":"https://eklekto.ch/#organization","name":"Eklekto Geneva Percussion Center","url":"https://eklekto.ch/","logo":{"@type":"ImageObject","inLanguage":"en-US","@id":"https://eklekto.ch/#/schema/logo/image/","url":"https://eklekto.ch/wp-content/uploads/Eklekto_Logo-noir-sur-fond-blanc.jpg","contentUrl":"https://eklekto.ch/wp-content/uploads/Eklekto_Logo-noir-sur-fond-blanc.jpg","width":640,"height":317,"caption":"Eklekto Geneva Percussion Center"},"image":{"@id":"https://eklekto.ch/#/schema/logo/image/"},"sameAs":["https://www.facebook.com/eklektopercussion","https://www.instagram.com/eklekto_percussion/","https://www.youtube.com/channel/UCmkO9Je1ENSGNKNNsHcjP0g","https://www.linkedin.com/in/eklekto-geneva-percussion-center-aa2b306b/?originalSubdomain=ch"]}]}</script>
<!-- / Yoast SEO plugin. -->

L’ensemble Eklekto, cinquantenaire en cette année 2024, a choisi de célébrer la musique vivante suisse en ouverture de saison, à travers une collaboration inédite associant le musicien zurichois et des percussionnistes du collectif genevois. Avant-gardiste, audacieuse et internationale, l’association bien connue dans l’univers de la percussion contemporaine vous emmènera dans une expérience musicale originale, en [&hellip;]

<p class="p1">L’ensemble Eklekto, cinquantenaire en cette année 2024, a choisi de célébrer la musique vivante suisse en ouverture de saison, à travers une collaboration inédite associant le musicien zurichois et des percussionnistes du collectif genevois. Avant-gardiste, audacieuse et internationale, l’association bien connue dans l’univers de la percussion contemporaine vous emmènera dans une expérience musicale originale, en débutant sa saison par un premier concert, le samedi 14 septembre 2024 au <span class="s1">Festival Label Suisse </span>de Lausanne.</p>
<p class="p1">Cette nouvelle oeuvre inédite s’articulera avec un travail autour de nouveaux « modules » composés par Nik Bärtsch. Chaque musicien·ne évoluera ensuite avec ces éléments communs pour façonner des moments d’improvisations collectives. La singularité des interprètes, ayant chacun un univers individuel propre, contribuera à emmener le public dans une ambiance hypnotique d’un complexe raffinement ; immergeant dans une atmosphère unique, post-minimale, à la croisée du jazz et de la musique contemporaine.</p>
<a href="https://labelsuisse.ch/event/nik-bartsch-eklekto/" target="_blank" rel="noopener">Plus d'infos</a>
