{"id":2242,"date":"2022-10-20T20:21:54","date_gmt":"2022-10-20T18:21:54","guid":{"rendered":"https:\/\/eklekto.ch\/?post_type=project&#038;p=2242"},"modified":"2026-01-21T12:06:44","modified_gmt":"2026-01-21T11:06:44","slug":"","status":"publish","type":"project","link":"https:\/\/eklekto.ch\/en\/project\/territoires\/","title":{"rendered":"","raw":""},"content":{"rendered":"","protected":false,"raw":""},"parent":0,"template":"","class_list":["post-2242","project","type-project","status-publish","hentry"],"yoast_head":"<!-- This site is optimized with the Yoast SEO plugin v23.4 - https:\/\/yoast.com\/wordpress\/plugins\/seo\/ -->\n<title>Territoires (2022) | Eklekto<\/title>\n<meta name=\"robots\" content=\"index, follow, max-snippet:-1, max-image-preview:large, max-video-preview:-1\" \/>\n<link rel=\"canonical\" href=\"https:\/\/eklekto.ch\/project\/territoires\/\" \/>\n<meta property=\"og:locale\" content=\"en_US\" \/>\n<meta property=\"og:type\" content=\"article\" \/>\n<meta property=\"og:title\" content=\"Territoires (2022) | Eklekto\" \/>\n<meta property=\"og:description\" content=\"Territoires Une invitation \u00e0 franchir les fronti\u00e8res entre interpr\u00e8tes et auditeurs\u00b7trices, par une exp\u00e9rience d\u00e9ambulatoire et de proximit\u00e9 avec les musiciens\u00b7ennes. Plong\u00e9 au c\u0153ur d&#8217;un orchestre de percussionnistes, en immersion sonore et chor\u00e9graphique, le public se m\u00eale aux interpr\u00e8tes. Apr\u00e8s une premi\u00e8re partie dans les espaces de travail des 6 toits, avec des extraits de [&hellip;]\" \/>\n<meta property=\"og:url\" content=\"https:\/\/eklekto.ch\/project\/territoires\/\" \/>\n<meta property=\"og:site_name\" content=\"Eklekto\" \/>\n<meta property=\"article:publisher\" content=\"https:\/\/www.facebook.com\/eklektopercussion\" \/>\n<meta property=\"article:modified_time\" content=\"2026-01-21T11:06:44+00:00\" \/>\n<meta name=\"twitter:card\" content=\"summary_large_image\" \/>\n<meta name=\"twitter:label1\" content=\"Est. reading time\" \/>\n\t<meta name=\"twitter:data1\" content=\"1 minute\" \/>\n<script type=\"application\/ld+json\" class=\"yoast-schema-graph\">{\"@context\":\"https:\/\/schema.org\",\"@graph\":[{\"@type\":\"WebPage\",\"@id\":\"https:\/\/eklekto.ch\/project\/territoires\/\",\"url\":\"https:\/\/eklekto.ch\/project\/territoires\/\",\"name\":\"Territoires (2022) | Eklekto\",\"isPartOf\":{\"@id\":\"https:\/\/eklekto.ch\/#website\"},\"datePublished\":\"2022-10-20T18:21:54+00:00\",\"dateModified\":\"2026-01-21T11:06:44+00:00\",\"breadcrumb\":{\"@id\":\"https:\/\/eklekto.ch\/project\/territoires\/#breadcrumb\"},\"inLanguage\":\"en-US\",\"potentialAction\":[{\"@type\":\"ReadAction\",\"target\":[\"https:\/\/eklekto.ch\/project\/territoires\/\"]}]},{\"@type\":\"BreadcrumbList\",\"@id\":\"https:\/\/eklekto.ch\/project\/territoires\/#breadcrumb\",\"itemListElement\":[{\"@type\":\"ListItem\",\"position\":1,\"name\":\"Accueil\",\"item\":\"https:\/\/eklekto.ch\/\"},{\"@type\":\"ListItem\",\"position\":2,\"name\":\"Projet Description\",\"item\":\"https:\/\/eklekto.ch\/project\/\"},{\"@type\":\"ListItem\",\"position\":3,\"name\":\"Territoires (2022)\"}]},{\"@type\":\"WebSite\",\"@id\":\"https:\/\/eklekto.ch\/#website\",\"url\":\"https:\/\/eklekto.ch\/\",\"name\":\"Eklekto\",\"description\":\"Eklekto Geneva Percussion Center\",\"publisher\":{\"@id\":\"https:\/\/eklekto.ch\/#organization\"},\"alternateName\":\"Eklekto\",\"potentialAction\":[{\"@type\":\"SearchAction\",\"target\":{\"@type\":\"EntryPoint\",\"urlTemplate\":\"https:\/\/eklekto.ch\/?s={search_term_string}\"},\"query-input\":{\"@type\":\"PropertyValueSpecification\",\"valueRequired\":true,\"valueName\":\"search_term_string\"}}],\"inLanguage\":\"en-US\"},{\"@type\":\"Organization\",\"@id\":\"https:\/\/eklekto.ch\/#organization\",\"name\":\"Eklekto Geneva Percussion Center\",\"url\":\"https:\/\/eklekto.ch\/\",\"logo\":{\"@type\":\"ImageObject\",\"inLanguage\":\"en-US\",\"@id\":\"https:\/\/eklekto.ch\/#\/schema\/logo\/image\/\",\"url\":\"https:\/\/eklekto.ch\/wp-content\/uploads\/Eklekto_Logo-noir-sur-fond-blanc.jpg\",\"contentUrl\":\"https:\/\/eklekto.ch\/wp-content\/uploads\/Eklekto_Logo-noir-sur-fond-blanc.jpg\",\"width\":640,\"height\":317,\"caption\":\"Eklekto Geneva Percussion Center\"},\"image\":{\"@id\":\"https:\/\/eklekto.ch\/#\/schema\/logo\/image\/\"},\"sameAs\":[\"https:\/\/www.facebook.com\/eklektopercussion\",\"https:\/\/www.instagram.com\/eklekto_percussion\/\",\"https:\/\/www.youtube.com\/channel\/UCmkO9Je1ENSGNKNNsHcjP0g\",\"https:\/\/www.linkedin.com\/in\/eklekto-geneva-percussion-center-aa2b306b\/?originalSubdomain=ch\"]}]}<\/script>\n<!-- \/ Yoast SEO plugin. -->","yoast_head_json":{"title":"Territoires (2022) | Eklekto","robots":{"index":"index","follow":"follow","max-snippet":"max-snippet:-1","max-image-preview":"max-image-preview:large","max-video-preview":"max-video-preview:-1"},"canonical":"https:\/\/eklekto.ch\/project\/territoires\/","og_locale":"en_US","og_type":"article","og_title":"Territoires (2022) | Eklekto","og_description":"Territoires Une invitation \u00e0 franchir les fronti\u00e8res entre interpr\u00e8tes et auditeurs\u00b7trices, par une exp\u00e9rience d\u00e9ambulatoire et de proximit\u00e9 avec les musiciens\u00b7ennes. Plong\u00e9 au c\u0153ur d&#8217;un orchestre de percussionnistes, en immersion sonore et chor\u00e9graphique, le public se m\u00eale aux interpr\u00e8tes. Apr\u00e8s une premi\u00e8re partie dans les espaces de travail des 6 toits, avec des extraits de [&hellip;]","og_url":"https:\/\/eklekto.ch\/project\/territoires\/","og_site_name":"Eklekto","article_publisher":"https:\/\/www.facebook.com\/eklektopercussion","article_modified_time":"2026-01-21T11:06:44+00:00","twitter_card":"summary_large_image","twitter_misc":{"Est. reading time":"1 minute"},"schema":{"@context":"https:\/\/schema.org","@graph":[{"@type":"WebPage","@id":"https:\/\/eklekto.ch\/project\/territoires\/","url":"https:\/\/eklekto.ch\/project\/territoires\/","name":"Territoires (2022) | Eklekto","isPartOf":{"@id":"https:\/\/eklekto.ch\/#website"},"datePublished":"2022-10-20T18:21:54+00:00","dateModified":"2026-01-21T11:06:44+00:00","breadcrumb":{"@id":"https:\/\/eklekto.ch\/project\/territoires\/#breadcrumb"},"inLanguage":"en-US","potentialAction":[{"@type":"ReadAction","target":["https:\/\/eklekto.ch\/project\/territoires\/"]}]},{"@type":"BreadcrumbList","@id":"https:\/\/eklekto.ch\/project\/territoires\/#breadcrumb","itemListElement":[{"@type":"ListItem","position":1,"name":"Accueil","item":"https:\/\/eklekto.ch\/"},{"@type":"ListItem","position":2,"name":"Projet Description","item":"https:\/\/eklekto.ch\/project\/"},{"@type":"ListItem","position":3,"name":"Territoires (2022)"}]},{"@type":"WebSite","@id":"https:\/\/eklekto.ch\/#website","url":"https:\/\/eklekto.ch\/","name":"Eklekto","description":"Eklekto Geneva Percussion Center","publisher":{"@id":"https:\/\/eklekto.ch\/#organization"},"alternateName":"Eklekto","potentialAction":[{"@type":"SearchAction","target":{"@type":"EntryPoint","urlTemplate":"https:\/\/eklekto.ch\/?s={search_term_string}"},"query-input":{"@type":"PropertyValueSpecification","valueRequired":true,"valueName":"search_term_string"}}],"inLanguage":"en-US"},{"@type":"Organization","@id":"https:\/\/eklekto.ch\/#organization","name":"Eklekto Geneva Percussion Center","url":"https:\/\/eklekto.ch\/","logo":{"@type":"ImageObject","inLanguage":"en-US","@id":"https:\/\/eklekto.ch\/#\/schema\/logo\/image\/","url":"https:\/\/eklekto.ch\/wp-content\/uploads\/Eklekto_Logo-noir-sur-fond-blanc.jpg","contentUrl":"https:\/\/eklekto.ch\/wp-content\/uploads\/Eklekto_Logo-noir-sur-fond-blanc.jpg","width":640,"height":317,"caption":"Eklekto Geneva Percussion Center"},"image":{"@id":"https:\/\/eklekto.ch\/#\/schema\/logo\/image\/"},"sameAs":["https:\/\/www.facebook.com\/eklektopercussion","https:\/\/www.instagram.com\/eklekto_percussion\/","https:\/\/www.youtube.com\/channel\/UCmkO9Je1ENSGNKNNsHcjP0g","https:\/\/www.linkedin.com\/in\/eklekto-geneva-percussion-center-aa2b306b\/?originalSubdomain=ch"]}]}},"meta":{"_fr_post_content":"<strong>Territoires<\/strong>\r\n\r\nUne invitation \u00e0 franchir les fronti\u00e8res entre interpr\u00e8tes et auditeurs\u00b7trices, par une exp\u00e9rience d\u00e9ambulatoire et de proximit\u00e9 avec les musiciens\u00b7ennes. Plong\u00e9 au c\u0153ur d'un orchestre de percussionnistes, en immersion sonore et chor\u00e9graphique, le public se m\u00eale aux interpr\u00e8tes.\r\n\r\nApr\u00e8s une premi\u00e8re partie dans les espaces de travail des 6 toits, avec des extraits de compositions d'Annea Lockwood, le public a pu entendre en cr\u00e9ation mondiale, Grace\/or\/Echo d'Anthony Pateras<em>\u00a0<\/em>(AUS), pour 15 percussionnistes et \u00e9lectronique.\r\n\r\nHypnotique, immersif, palpitant.","_fr_post_excerpt":"","_fr_post_title":"Territoires (2022)","_fr_post_name":"territoires","edit_language":"en"},"excerpt":{"raw":"","rendered":""},"_links":{"self":[{"href":"https:\/\/eklekto.ch\/en\/wp-json\/wp\/v2\/project\/2242"}],"collection":[{"href":"https:\/\/eklekto.ch\/en\/wp-json\/wp\/v2\/project"}],"about":[{"href":"https:\/\/eklekto.ch\/en\/wp-json\/wp\/v2\/types\/project"}],"wp:attachment":[{"href":"https:\/\/eklekto.ch\/en\/wp-json\/wp\/v2\/media?parent=2242"}],"curies":[{"name":"wp","href":"https:\/\/api.w.org\/{rel}","templated":true}]}}

<!-- This site is optimized with the Yoast SEO plugin v23.4 - https://yoast.com/wordpress/plugins/seo/ -->
<title>Territoires (2022) | Eklekto</title>
<meta name="robots" content="index, follow, max-snippet:-1, max-image-preview:large, max-video-preview:-1" />
<link rel="canonical" href="https://eklekto.ch/project/territoires/" />
<meta property="og:locale" content="en_US" />
<meta property="og:type" content="article" />
<meta property="og:title" content="Territoires (2022) | Eklekto" />
<meta property="og:description" content="Territoires Une invitation à franchir les frontières entre interprètes et auditeurs·trices, par une expérience déambulatoire et de proximité avec les musiciens·ennes. Plongé au cœur d&#8217;un orchestre de percussionnistes, en immersion sonore et chorégraphique, le public se mêle aux interprètes. Après une première partie dans les espaces de travail des 6 toits, avec des extraits de [&hellip;]" />
<meta property="og:url" content="https://eklekto.ch/project/territoires/" />
<meta property="og:site_name" content="Eklekto" />
<meta property="article:publisher" content="https://www.facebook.com/eklektopercussion" />
<meta property="article:modified_time" content="2026-01-21T11:06:44+00:00" />
<meta name="twitter:card" content="summary_large_image" />
<meta name="twitter:label1" content="Est. reading time" />
	<meta name="twitter:data1" content="1 minute" />
<script type="application/ld+json" class="yoast-schema-graph">{"@context":"https://schema.org","@graph":[{"@type":"WebPage","@id":"https://eklekto.ch/project/territoires/","url":"https://eklekto.ch/project/territoires/","name":"Territoires (2022) | Eklekto","isPartOf":{"@id":"https://eklekto.ch/#website"},"datePublished":"2022-10-20T18:21:54+00:00","dateModified":"2026-01-21T11:06:44+00:00","breadcrumb":{"@id":"https://eklekto.ch/project/territoires/#breadcrumb"},"inLanguage":"en-US","potentialAction":[{"@type":"ReadAction","target":["https://eklekto.ch/project/territoires/"]}]},{"@type":"BreadcrumbList","@id":"https://eklekto.ch/project/territoires/#breadcrumb","itemListElement":[{"@type":"ListItem","position":1,"name":"Accueil","item":"https://eklekto.ch/"},{"@type":"ListItem","position":2,"name":"Projet Description","item":"https://eklekto.ch/project/"},{"@type":"ListItem","position":3,"name":"Territoires (2022)"}]},{"@type":"WebSite","@id":"https://eklekto.ch/#website","url":"https://eklekto.ch/","name":"Eklekto","description":"Eklekto Geneva Percussion Center","publisher":{"@id":"https://eklekto.ch/#organization"},"alternateName":"Eklekto","potentialAction":[{"@type":"SearchAction","target":{"@type":"EntryPoint","urlTemplate":"https://eklekto.ch/?s={search_term_string}"},"query-input":{"@type":"PropertyValueSpecification","valueRequired":true,"valueName":"search_term_string"}}],"inLanguage":"en-US"},{"@type":"Organization","@id":"https://eklekto.ch/#organization","name":"Eklekto Geneva Percussion Center","url":"https://eklekto.ch/","logo":{"@type":"ImageObject","inLanguage":"en-US","@id":"https://eklekto.ch/#/schema/logo/image/","url":"https://eklekto.ch/wp-content/uploads/Eklekto_Logo-noir-sur-fond-blanc.jpg","contentUrl":"https://eklekto.ch/wp-content/uploads/Eklekto_Logo-noir-sur-fond-blanc.jpg","width":640,"height":317,"caption":"Eklekto Geneva Percussion Center"},"image":{"@id":"https://eklekto.ch/#/schema/logo/image/"},"sameAs":["https://www.facebook.com/eklektopercussion","https://www.instagram.com/eklekto_percussion/","https://www.youtube.com/channel/UCmkO9Je1ENSGNKNNsHcjP0g","https://www.linkedin.com/in/eklekto-geneva-percussion-center-aa2b306b/?originalSubdomain=ch"]}]}</script>
<!-- / Yoast SEO plugin. -->

Territoires Une invitation à franchir les frontières entre interprètes et auditeurs·trices, par une expérience déambulatoire et de proximité avec les musiciens·ennes. Plongé au cœur d&#8217;un orchestre de percussionnistes, en immersion sonore et chorégraphique, le public se mêle aux interprètes. Après une première partie dans les espaces de travail des 6 toits, avec des extraits de [&hellip;]

<strong>Territoires</strong>

Une invitation à franchir les frontières entre interprètes et auditeurs·trices, par une expérience déambulatoire et de proximité avec les musiciens·ennes. Plongé au cœur d'un orchestre de percussionnistes, en immersion sonore et chorégraphique, le public se mêle aux interprètes.

Après une première partie dans les espaces de travail des 6 toits, avec des extraits de compositions d'Annea Lockwood, le public a pu entendre en création mondiale, Grace/or/Echo d'Anthony Pateras<em> </em>(AUS), pour 15 percussionnistes et électronique.

Hypnotique, immersif, palpitant.
